)). Suppose k*g - 277 = 356. Is g composite?
False
Let c(j) = j**2 + 4*j - 17. Let o be c(-8). Suppose 0 = -o*p - 6043 + 139798. Is p prime?
False
Is 20/((-220)/(-99)) + (-1 - -286575) a prime number?
False
Let q(m) = -m**3 + 4*m**2 + 15*m + 1. Let t = -103 + 172. Let p be t/(-12) + -2 + 7/4. Is q(p) composite?
False
Let g = -47 - -71. Suppose -4*d + 5*n = -36, -4*d + g = d - n. Suppose 6*m - d*m - 1778 = 0. Is m prime?
False
Suppose -18*m = -7*m - 11. Let d be 5 + (-2 + m)*2. Suppose 2*y + 10 = 4*y, d*l - 5232 = -3*y. Is l prime?
False
Let x(u) = u**2 - 13*u + 44. Let g be x(8). Suppose -4*b + 3*b = 3*m - 658, -4*m + 864 = g*b. Is m composite?
True
Let q(k) = -k**3 + 14*k**2 + 3*k + 8. Let y(w) = -10*w - 15. Let o be y(-3). Let x be q(o). Let c = x + 2139. Is c composite?
True
Let t(i) = 24*i**2 - 20*i - 19. Let l be t(16). Let a = 9050 - l. Suppose a = 6*f - f. Is f prime?
False
Suppose 0 = -72*x + 77*x - 4*a - 1000521, 5*x = -3*a + 1000493. Is x a prime number?
False
Let w = 23533 - -3646. Is w prime?
True
Is 40/120*(479930 + 1) prime?
True
Let l be (-36)/(-24) + (-4)/(-8). Is (491100/(-24) - 11)*l/(-3) composite?
False
Let x(z) = 36*z - 15. Let y(f) = -39*f + 2*f + 15 - 13 + 13. Let b(g) = 6*x(g) + 5*y(g). Is b(14) composite?
False
Let k(x) be the third derivative of 23*x**5/24 + x**4/12 + 17*x**3/3 - 8*x**2. Let h(d) be the first derivative of k(d). Is h(13) composite?
True
Let d(c) = -2331*c**3 + c**2 - 21*c - 40. Is d(-3) a composite number?
False
Let w be (45/(-20) - -3)*4 + 492. Suppose -34*b = -43*b + w. Is b prime?
False
Let l = -1239 + 1777. Let d(h) = -h + 5. Let k be d(6). Is (-1)/2*l*k prime?
True
Suppose 7*l + 79018 = 3*s, -3*l - 105351 = -4*s - 0*l. Is s prime?
False
Suppose -15*y + 14*y + 9310 = 0. Suppose f - y = -x, -4*x + f + 40146 = 2931. Let c = x + -6464. Is c composite?
True
Let c be (2 - 5)/((-9)/51). Suppose -28*u + 391259 = -c*u. Is u a prime number?
True
Let l(i) = 9*i**2 + 19*i - 23. Let g(u) = -2*u**2 - u. Let o(j) = 4*g(j) + l(j). Is o(17) a composite number?
False
Suppose 13*n - 3123543 = -60*n + 9958568. Is n composite?
True
Suppose 4*z + 10731 + 1 = 0. Let o = z + 4914. Is o prime?
False
Let y(h) = -h**2 + 4*h + 6. Let o be y(0). Let r be o/8*80/30. Suppose -d - 111 = -3*a + 871, -2*d = r*a - 668. Is a a composite number?
True
Suppose -a = -5*n - 14, -3*a + 5*a = 3*n + 7. Let h be (1 - 4)/3 - a. Suppose -m + 3761 = -h*m. Is m a prime number?
True
Let y be (4 + -2 + -1)/(2/(-146)). Let l be y/2 + 12/(-8). Let x = 255 - l. Is x prime?
True
Let k be (-6 + 66)/(2 - 190/96). Suppose q + 110 - 833 = x, -4*q + x + k = 0. Suppose -2*z + 3*l = -q - 54, 5*z - 3*l - 1910 = 0. Is z composite?
False
Let b(a) = 262*a**3 - a**2 - 15*a - 5. Let x be b(4). Let h = -1858 + x. Is h composite?
True
Is 264/(8 - -3) - -216631 composite?
True
Let k be -3*(-5)/(6 + -1). Suppose 2*a = -3*l + 15634, -4*a - k*l + 18439 = -12829. Is a a composite number?
False
Suppose w - 238033 = -a - 3*a, -a - 5*w = -59494. Is a composite?
False
Suppose 5*r + 2*w = 2237, 3*w = 3*r + 7*w - 1331. Suppose -9 = 3*k, 2*h - 3*k = -4*k + r. Let y = h - -13. Is y a composite number?
False
Let k = 89 - 89. Suppose k = 3*u + 6 - 291. Suppose -u = -5*m + 4*n, -m + 3*n - 5*n = -33. Is m composite?
False
Let b(o) = o - 13. Let h = -6 + 19. Let v be b(h). Suppose 4*w - 1690 + 486 = v. Is w composite?
True
Suppose 57 = -2*b + 53. Let d(l) = 1273*l**2 + 13*l + 23. Is d(b) a prime number?
False
Let t(q) = -337*q**2 + 13*q. Let f be t(-4). Is (60/40)/((-2)/f) a prime number?
False
Suppose 0 = 82*c + 28*c - 18*c - 62459812. Is c prime?
False
Suppose 52 = 5*w - 4*a, 0 = -4*w + 11*a - 12*a + 50. Suppose 0 = 3*o - 15, -2*r + 4*r = o - 7009. Is w/(-18) - r/6 composite?
True
Suppose x - 36214 + 1936 = 5*t, 4*x - 137007 = -t. Is x a prime number?
True
Let y(o) = -70*o**2 + 5*o - 16. Let a(c) = -70*c**2 + 6*c - 17. Let v(g) = -5*a(g) + 4*y(g). Let w(u) = u**2 - u - 2. Let h be w(-2). Is v(h) composite?
True
Let q(y) = 31*y**2 - 69 - 51*y**2 - 23*y + 344*y**2. Is q(-4) a composite number?
True
Let n be 0 - (-87)/9 - (-2)/(-3). Suppose n*y - 1358 = -5*y. Is y composite?
False
Suppose -16*q + 179061 = 54421. Suppose 4*t + 6422 = 2*w, 5*w + 4*t + q = 23915. Is w a composite number?
False
Suppose -210 = -9*l - l. Suppose -3*d + l*d = 52902. Is d prime?
True
Suppose 183*n = 186*n - 6. Let f(i) = 2154*i + 33. Is f(n) a composite number?
True
Suppose -5*h = x - 141125, 30*x = 32*x - 2*h - 282178. Is x a composite number?
True
Let w be 4 - 10/4 - (-2)/4. Suppose -w*h + 4 = -2. Is ((-970)/30)/(((-1)/h)/1) composite?
False
Suppose -88 = -h - 14. Let u = 65 + h. Suppose u = 4*w - 3*c, -w - 3*c + 33 = -2*c. Is w a prime number?
False
Let c = 61 - 29. Let s be -2*12/c*-4. Suppose -s*f + f - 1009 = -3*n, f - 333 = -n. Is n composite?
True
Let k = 39 - 32. Suppose 2*z + 5*p - 2 = -k, 17 = z - 4*p. Suppose z*n + 2 = 12. Is n composite?
False
Suppose j - 9 = 4*o, 2*j = -0*j + 4*o + 14. Suppose j*g - 883 = 3*s - 199, 3*s + g = -684. Let h = s + 743. Is h prime?
False
Is (-335734118)/(-3286) + 4/(-62) a composite number?
True
Suppose 0 = 4*j + i + 135511 - 1171312, 4*j - 4*i = 1035776. Is j a composite number?
False
Suppose 10814247 = 96*y + 7*y + 2067178. Is y a composite number?
True
Let y = 88244 + 326433. Is y a composite number?
False
Suppose 4*b - 37829 = 3*x, -3*b - 5*x + 17847 + 10561 = 0. Is b prime?
True
Let a = -16636 + 45279. Is a composite?
False
Let y be (19/57)/(2/(-13980)). Let f = -436 - y. Is f prime?
False
Suppose 316484 = 2*q - 951362. Is q a composite number?
False
Let d = 110016 - 14677. Is d a composite number?
False
Let l = 311 - 325. Is -4 + (-56931)/l + 3/6 composite?
True
Let l(f) = 118300*f + 4635. Is l(8) a prime number?
False
Suppose 0 = 9*q + 3*q + 4*q - 3455312. Is q composite?
True
Let l = 1030238 - 581011. Is l a prime number?
True
Let z = -197 - -324. Let u = z - -982. Let h = u + -702. Is h prime?
False
Let y = 322798 - 192117. Is y composite?
False
Let x(o) be the second derivative of -53*o**4/12 + 2*o**3 - 49*o**2/2 + 5*o. Let z(i) = -26*i**2 + 6*i - 24. Let q(a) = -3*x(a) + 5*z(a). Is q(-8) composite?
False
Suppose 11*s = -10*s + 23*s. Suppose s = 13*m - 5678 - 9441. Is m prime?
True
Suppose 3*j - 21 = -0*a + 5*a, 4*j - a = 45. Suppose -4*r - j = 4, -3*l = -2*r - 371. Is l a prime number?
False
Let r(h) = h**2 + 19*h + 6. Let p be r(-9). Let n be (-18)/(-7) + p/(-196). Suppose -5*o + 6*b = n*b - 683, 3*o + b = 421. Is o a prime number?
True
Suppose 62955 = 61*m - 56*m. Suppose 5*q = -4*q + m. Is q a composite number?
False
Let g(l) = 76*l**2 + l - 3. Let p be g(3). Suppose -10*m = p + 2396. Let v = -159 - m. Is v composite?
False
Let l(j) = j**3 - 3*j - 2. Let t be l(-1). Let z(m) = -12 - 4*m - 5 + 10*m + t. Is z(9) a composite number?
False
Let s(n) = -n**2 + 2*n + 17. Let r be s(5). Is 168/112 + ((-8478)/(-4) - r) a prime number?
False
Is 1/2*28 - -27347 prime?
True
Is ((-14)/4)/((-133)/3544678) a composite number?
False
Suppose 5*z = r + 1620 + 1525, -r = z - 635. Let m be (-8 - -9) + (-298)/(-1). Let l = z - m. Is l a prime number?
True
Suppose -579991 = k - 4*k + 5*p, 4*k = 5*p + 773328. Is k prime?
True
Let v(i) = -194*i - 80. Let o(u) = 291*u + 121. Let t(x) = -5*o(x) - 8*v(x). Is t(8) a composite number?
False
Let k(z) = z**2 + 5*z - 20. Suppose 11 = -2*d + 3*a - 16, -5*d - 5*a = 30. Let s be k(d). Suppose -598 - s = -2*v. Is v a composite number?
False
Suppose 2*y = -4*g + 832414, -3*g - 31*y = -35*y - 624261. Is g a prime number?
True
Suppose 3*o + 7*i = 4*i - 942, 4*i = o + 314. Let u = -880 - -312. Let a = o - u. Is a a composite number?
True
Let a(p) be the second derivative of -p**4/12 - 3*p**3/2 - 7*p**2 - 11*p. Let k be a(-6). Suppose k*q = 5*q - 669. Is q a composite number?
True
Is ((-9)/(108/(-484854)))/(0 - (-5)/10) composite?
False
Suppose 3*q - 6 = -5*t, 40*t + 2*q = 44*t - 18. Let g = 201 - 133. Suppose -2*b = f - 473, -b - t*f + g = -156. Is b prime?
True
Let p(i) = 44*i**2 - 18*i + 9. Let l be (4/10)/(39/(-390)). Is p(l) a composite number?
True
Let r = 346 + -330. Is -26882*(72/r - 5) prime?
True
Suppose -2*b = -34*l + 38*l - 383678, 0 = -4*b + 3*l + 767400. Is b a composite number?
True
Let o = 4 - 3. Let b(c) be the third der